 4, what is -2130 + 10130030?
10121300
In base 2, what is 110000010011101000001 - 10?
110000010011100111111
In base 7, what is -456 - 22404?
-23163
In base 11, what is 2 + 1a6539?
1a6540
In base 13, what is 158282 + -231?
158051
In base 6, what is -2301201 - 3053?
-2304254
In base 15, what is 1 - 23364c?
-23364b
In base 5, what is 341 - -10422123?
10423014
In base 5, what is -144112033 - 4?
-144112042
In base 11, what is 20329 + 25a?
20588
In base 3, what is -1101 + 20010000000022?
20002222221221
In base 11, what is -100745 - 115?
-10085a
In base 2, what is -1011001111000110010 - -1?
-1011001111000110001
In base 6, what is 4401 - 100332?
-51531
In base 7, what is 154 + -35014?
-34530
In base 3, what is 201210 + -1110000221011?
-1110000012101
In base 7, what is -31564105 - 10?
-31564115
In base 16, what is 12f7fe + 3?
12f801
In base 10, what is 255 - 77584?
-77329
In base 13, what is 57 - -129635?
12968c
In base 11, what is 85119 + -4?
85115
In base 16, what is bbf - 3ed3?
-3314
In base 10, what is 100128 + -648?
99480
In base 10, what is -956 + 255826?
254870
In base 2, what is 1100001110010111001 - 11000101100?
1100001011010001101
In base 15, what is -5a2dea - -3?
-5a2de7
In base 11, what is 9131 + -5006?
4126
In base 8, what is -4 - 152217274?
-152217300
In base 13, what is 1a8 - -6616b?
66346
In base 15, what is 20 + 42e85?
42ea5
In base 16, what is -72b2 - -370?
-6f42
In base 15, what is -202bc - 14?
-202d1
In base 16, what is 226 - -489b?
4ac1
In base 11, what is 1 + 5676303?
5676304
In base 16, what is 900dd - 394?
8fd49
In base 5, what is -14 - 3400000421?
-3400000440
In base 10, what is 470 - 4256?
-3786
In base 6, what is 1 - 31511222?
-31511221
In base 7, what is -14266 + -1226122?
-1243421
In base 14, what is -11 - 307b5c?
-307b6d
In base 8, what is 552704 + 244?
553150
In base 15, what is -e7b2b2 - -13?
-e7b29e
In base 9, what is 21038 + -1423?
18515
In base 14, what is 3 + -14a9bc7?
-14a9bc4
In base 15, what is -573228 + 6?
-573222
In base 4, what is 1233221 - -2100230?
10000111
In base 2, what is 111101 + -1001011111010?
-1001010111101
In base 2, what is 1 + -1111101011010110011010010?
-1111101011010110011010001
In base 2, what is -1100100100001110 + 1100110110?
-1100010111011000
In base 2, what is -10001001 - 100101110101110010?
-100101110111111011
In base 12, what is 155 + 12382?
12517
In base 7, what is 0 - -2444112?
2444112
In base 2, what is 1001010 + 1011011110011101111111?
1011011110011111001001
In base 4, what is 23 + -3230211131?
-3230211102
In base 12, what is 24179 - 965?
23414
In base 16, what is -4d6 - 51b1?
-5687
In base 15, what is 1a7 + -1505d?
-14da6
In base 11, what is -69154995 + -6?
-691549a0
In base 9, what is -1617231 - 373?
-1617614
In base 2, what is 1001000 + 110010011010111?
110010100011111
In base 5, what is -3 - -3002010313?
3002010310
In base 14, what is c4 + 60dc2?
610a6
In base 14, what is -bd3a7 + 67?
-bd340
In base 4, what is 10023323 + -20031?
10003232
In base 8, what is -1240045 + -107?
-1240154
In base 11, what is -16 + 509776a?
5097754
In base 11, what is -15341164 + -1?
-15341165
In base 5, what is -3303134340 + -1021?
-3303140411
In base 2, what is -1 + 1001001101011101101001?
1001001101011101101000
In base 16, what is -2 + -b8859b?
-b8859d
In base 15, what is -16 - -488d04a?
488d034
In base 13, what is 11b53 - -24aa?
14330
In base 15, what is 9c829 - 4?
9c825
In base 15, what is d73 + -14d50?
-13ecc
In base 16, what is 2 - -25c05?
25c07
In base 6, what is 5 + -104104252?
-104104243
In base 14, what is 4964b63 + 3?
4964b66
In base 14, what is 1b704b + -c?
1b703d
In base 8, what is -141325323 - 3?
-141325326
In base 15, what is -686e - 5cc?
-6e4b
In base 7, what is 443452314 + -6?
443452305
In base 12, what is -1391148 - 18b?
-1391317
In base 5, what is -14223301 + 21?
-14223230
In base 2, what is -100 + -1101011000101100?
-1101011000110000
In base 5, what is 10 - 3434332?
-3434322
In base 7, what is -201 + -10256643?
-10260144
In base 6, what is -5400123354 - 5?
-5400123403
In base 2, what is 10000 + -1001111001110100001001?
-1001111001110011111001
In base 2, what is 110 - 11110011000000010000?
-11110011000000001010
In base 6, what is 120102520125 - -1?
120102520130
In base 3, what is 110121220202211 + -1?
110121220202210
In base 16, what is 10d6d + dda?
11b47
In base 6, what is 354 + 1520104?
1520502
In base 12, what is 4 - 1038995b?
-10389957
In base 10, what is 3074010 - -43?
3074053
In base 6, what is -305140 - -32525?
-232211
In base 15, what is -3 + -4c754?
-4c757
In base 13, what is -28a - -123713?
123456
In base 8, what is -5605365 - 5?
-5605372
In base 8, what is 1 + 442220326?
442220327
In base 14, what is -439cb - 446?
-44033
In base 4, what is 112 - 30300112?
-30300000
In base 16, what is -147c9 + 4e2?
-142e7
In base 8, what is 4 + 123304510?
123304514
In base 2, what is -1010111110000110010 - -11011110?
-1010111101101010100
In base 13, what is 21 - -194c0b?
194c2c
In base 5, what is 432232 - 100032?
332200
In base 5, what is -214214240 - 10?
-214214300
In base 12, what is -7086 - -15b6?
-5690
In base 5, what is 2343213 - -3230?
2401443
In base 12, what is 90 + -1020b11?
-1020a41
In base 3, what is 1122 + -2111122112022?
-2111122110200
In base 9, what is 64172280 - 3?
64172276
In base 3, what is 10222101 - -201212100?
212211201
In base 8, what is 411 - -3142675?
3143306
In base 6, what is -1223 - 2421505?
-2423132
In base 7, what is 616625 - 315?
616310
In base 16, what is -c3b53 + 1?
-c3b52
In base 9, what is -328 - -2678?
2350
In base 6, what is -2014 - -102342?
100324
In base 5, what is -442 + 1411321332?
1411320340
In base 13, what is 11984c58 + 0?
11984c58
In base 8, what is -13373074 - 75?
-13373171
In base 6, what is -111021124 - 1000?
-111022124
In base 15, what is 7e55e647 - 2?
7e55e645
In base 5, what is 33004004 - -304?
33004313
In base 11, what is -2 + 24744004?
24744002
In base 2, what is -10100101110111000 - -100000100?
-10100101010110100
In base 10, what is 3987 + -2777?
1210
In base 12, what is 1332bb + -6?
1332b5
In base 5, what is 0 - -20442430310?
20442430310
In base 4, what is -1 + -12231101000?
-12231101001
In base 11, what is 55a1796 - -4?
55a179a
In base 3, what is 121102122201 - 100102?
121102022022
In base 8, what is -512 + -420650?
-421362
In base 7, what is -10 - -12004023?
12004013
In base 15, what is -1ad + -6ed0?
-718d
In base 9, what is -8 + 2815528?
2815520
In base 15, what is -d + -d718461?
-d71846e
In base 13, what is 4a78 + -319?
475c
In base 3, what is 20 - 12100112122?
-12100112102
In base 7, what is 411 + -4046242?
-4045531
In base 15, what is -412c + 93?
-4089
In base 15, what is -362 + 8711?
839e
In base 5, what is -2001233 - 1412?
-2003200
In base 3, what is 2 - 210120020012110?
-210120020012101
In base 14, what is -76817 - 4a1?
-76cb8
In base 14, what is 76c + 22c?
99a
In base 6, what is 4 + 2430423505?
2430423513
In base 4, what is -3 + 1112031013113?
1112031013110
In base 7, what is -2 - -565552233?
565552231
In base 8, what is -102414 + 43335?
-37057
In base 10, what is 144166 - -33?
144199
In base 9, what is 3000621 - -13?
3000634
In base 6, what is -1414425031 - -5?
-1414425022
In base 10, what is -231754 + 2914?
-228840
In base 14, what is da6 + -1bdd?
-c37
In base 10, what is 28 + -453744?
-453716
In base 6, what is 31411511242 - -2?
31411511244
In base 5, what is 24002 - 4110242?
-4031240
In base 5, what is 2104113441 + -32?
2104113404
In base 3, what is 2102202220122010 - -12?
2102202220122022
In base 8, what is 1 - 3122340013?
-3122340012
In base 9, what is -1 + -52228185?
-52228186
In base 13, what is -2714 - -1bc?
-2525
In base 11, what is 0 - -5807a398?
5807a398
In base 14, what is -a - 74900?
-7490a
In base 14, what is 6abb - -225?
6d02
In base 5, what is -1024333234241 + 1?
-1024333234240
In base 3, what is 2001201002110 - -1020?
2001201010200
In base 12, what is 27 + -4745095?
-474506a
In base 13, what is -c1b035 - -b?
-c1b027
In base 14, what is c5b4 + -4434?
8180
In base 14, what is 2 + -1d0c1b2?
-1d0c1b0
In base 12, what is 184569ab + -3?
184569a8
In base 12, what is -131 - 157665?
-157796
In base 8, what is -11 + -13405464?
-13405475
In base 3, what is -11000020022 + 121211112?
-10101101210
In base 13, what is 21 